+ h**3/6 - 4*h**2 + 168*h. Suppose 2*l + 6 = -l. Give f(l).
1
Suppose 706*k - 78 = 693*k. Let y(u) = 5*u**3 - 3*u**2 + 3*u - 3. Let q(c) = 9*c**3 - 7*c**2 + 7*c - 7. Let j(f) = 4*q(f) - 7*y(f). Calculate j(k).
-1
Let n(l) = 1466 - l + 4*l**2 - 5*l - 1459 + l**3 + 2*l**2 + 0*l**2. Determine n(-7).
0
Let q(r) = -r**2 - 5*r - 1. Let y = 15 + -23. Let c(f) = f + 10. Let x be c(y). Suppose 10 = -2*b - x. Determine q(b).
-7
Suppose 5*o = 2*u, 3*u + o + 0*o - 17 = 0. Let f(c) = -4*c**2 + 8 + u*c**2 - c**3 + 5*c**2 + c**2 + 9*c. What is f(8)?
16
Let q = 13 + -16. Let a(j) be the first derivative of j**5/120 + j**4/24 - j**3/3 - 6. Let x(c) be the third derivative of a(c). Calculate x(q).
-2
Let d(p) = -28 + 3*p + 9*p + 32 - 21 - p**2. Calculate d(12).
-17
Let v(m) = m**2 + 3*m - 2. Let u be v(-4). Suppose -6*h = -u*y - 2*h - 2, 5*y = 2*h - 13. Let s(a) = a**3 + 3*a**2 - a + 2. Calculate s(y).
5
Let l(v) be the third derivative of 4*v**2 - 1/24*v**4 + 1/6*v**3 + 0*v + 0. What is l(0)?
1
Suppose -4*z + 3*f = 17, z + 4*f + 19 = -2*z. Let c = z + 9. Let n(r) = 8 + r**2 - c - 7 + r - r**3 + 2*r**2. Calculate n(3).
0
Let u(f) = 43*f**3 + f**2 - 1. Let j be ((-5)/40)/(7/(-56)). Give u(j).
43
Let y(q) = -2*q**2 + 20*q + 3. Let u be y(10). Let h be ((-18)/(-15))/(u/(-15)). Let n(z) = -z + 1. Determine n(h).
7
Let p(n) be the first derivative of -n - 16 + 1/3*n**3 + 3/2*n**2. Calculate p(-4).
3
Let u = -902 - -905. Let s(h) = h**2 - 3*h + 5. What is s(u)?
5
Let h be 2*(10/(-4) + 1). Let w(l) = -2 + 2*l - 1 - 4*l**2 + 5*l**2. What is w(h)?
0
Let l(i) = -i**3 - 14*i**2 - 15*i - 14. Let s be l(-13). Let d(m) = -s - 2*m + m + 10 + 0. Give d(-3).
1
Suppose 3*o + 0*o - 3 = 0. Let w(v) = 3*v**2 - 5. Let y(x) = -x**2 + 1. Let d(p) = w(p) + 6*y(p). What is d(o)?
-2
Let w(u) be the second derivative of -1/12*u**4 + 0*u**2 + 0 - 20*u + 2/3*u**3. Let o be 4 + (3 - 1) + -2. What is w(o)?
0
Suppose 8 = -2*k, y + 0*k = k + 7. Let z(q) = 11 + y*q + 7 - 18. Determine z(-3).
-9
Let a(f) = -f + 14. Let i(t) = -t**3 - 6*t**2 - 2*t. Let s be i(-6). Determine a(s).
2
Let z be ((-1)/4*5)/(2/8). Let l(j) = -j**2 - 5*j - 5. Determine l(z).
-5
Let r(v) = -v**2 - 1 - 382*v - 380*v + 766*v. Give r(6).
-13
Let a(t) = -t**2 - 5*t - 3. Let d(s) = s**2 - s. Let x(w) = 2*w**2 - 12*w - 10. Let j(z) = 3*d(z) - x(z). Let g be j(-7). Calculate a(g).
1
Suppose 0*h - 2*h = -4. Let n(b) = b**3 - 40*b**h + 83*b**2 - 42*b**2 - 3 - 4*b. Determine n(-2).
1
Let z(s) = s**3 - 3*s**2 - 5*s + 5. Suppose w - 10 = -0. Suppose -4*r + 10 = -w. Suppose 3*l - q - 15 = 0, 0 = q - 2 + r. Give z(l).
1
Let k(b) = -b**2. Suppose -r - 10 = -21. Suppose 0 = -r*v - 18 + 7. What is k(v)?
-1
Let l(c) = -121 - 129 - 4*c + 242. What is l(7)?
-36
Let a(c) = c**3 + 2*c**2 + 3*c + 4. Suppose 0 = -2*b + 3*s + 16, 3*s + 1 = -b - 0*s. Suppose -2*j - 13 = b*d, -d = d - 3*j + 9. Calculate a(d).
-14
Let q(d) = -155*d**3 - 16 - 6*d - 135*d**3 + 291*d**3 + 7*d**2. Give q(-7).
26
Let f = -71 + 73. Suppose -2*o + 10 = -f. Let i(m) = m**3 - 6*m**2 + 2*m - 7. Calculate i(o).
5
Let b(q) = -q**2 - q. Suppose 63*y + 142 + 110 = 0. Determine b(y).
-12
Suppose -3*w + 21 = -3*v, 5*w = -4*v - 49 + 12. Let b(f) = -f - 9. Give b(v).
-1
Let j(g) = 3*g - 2. Let q(w) be the second derivative of -w**3/6 - 7*w**2/2 + 2*w. Let p be q(-11). Suppose -3*a - 2 - p = 0. Give j(a).
-8
Let t be 1*5 - (8 + -7). Suppose 5*l - 33 = -t*k, -l = -5*k - 4*l + 25. Let s(d) = 2*d**2 - 2*d + 3. Calculate s(k).
7
Let i be (-2)/6*(1 + -7). Let m(n) = -4*n - 1. Let r(a) = a. Let q(w) = m(w) - 5*r(w). Determine q(i).
-19
Suppose -29*w + 28 = -1. Let j(h) = -7*h**3 + 2*h - 1. Calculate j(w).
-6
Let o(b) be the first derivative of -b**3/3 - b**2 + 5*b - 712. Let l = 8 - 12. What is o(l)?
-3
Let z(d) be the first derivative of -3*d**2 + 7*d - 204. What is z(3)?
-11
Let n(k) = 7 - k - 1 + 0*k. Determine n(9).
-3
Let x(u) be the first derivative of u**4/6 + u**3/3 - 16*u + 14. Let r(k) be the first derivative of x(k). Calculate r(-2).
4
Let u = -2 + 6. Let c(r) = r**2 + 4*r + 2. Let o(i) = 2*i + 59. Let b be o(-29). Let t(m) = -m. Let v(j) = b*c(j) + u*t(j). Determine v(0).
2
Let x(d) = -6*d - 17. Let r be x(-6). Suppose r = -0*z - 2*z - 3*m, 4*z + 3*m + 23 = 0. Let h(o) = -2*o**2 + o. Calculate h(z).
-10
Let i be (-3)/1*(-6 + 196/21) + 6. Let u(z) = 4*z - 6. Let o(r) = -r + 1. Let y(f) = -6*o(f) - u(f). Give y(i).
-8
Let i(v) be the third derivative of -v**5/20 - v**4/8 + v**3/3 - 3*v**2. Let p = -471 - -468. Calculate i(p).
-16
Let p(z) = -z**3 + 3*z**2 + z + 3. Let c be p(3). Let t(m) = m**3 - 4 - c*m**2 + 0 + 0*m**2 + 2*m + m**2. Determine t(3).
-16
Let v(w) = -8*w**2 - 20*w + 18*w + 14*w**2 + 1 - 5*w**2 + w**3. What is v(-2)?
1
Let v(m) = -8*m**3 - 6*m**2 + 4*m + 7. Let a(g) = -7*g**3 - 5*g**2 + 4*g + 6. Let y(r) = -7*a(r) + 6*v(r). Let o be y(3). Let b(k) = k + 2. Calculate b(o).
8
Let d = 1 - -4. Let n(q) = q - 1. Let u(x) = 3*x - 4. Let v(i) = -4*n(i) + u(i). Let o(p) = 3*p - 3. Let t(j) = o(j) + v(j). Calculate t(d).
7
Suppose 0 = -3*c - 3*a + 3, -3*a - 2 = 4. Let y(n) = 91*n + 6 - 87*n - c. What is y(-7)?
-25
Suppose w - 5*m = -27, 3*w + 169*m - 19 = 164*m. Let t(b) = -b**3 - b**2 + 5*b + 6. Determine t(w).
0
Let w(j) = -10*j. Suppose 10*i - 178 + 218 = 0. Give w(i).
40
Let k(c) = 15*c - 7. Let n(m) = -13*m + 7. Let s(q) = 4*k(q) + 5*n(q). Give s(-6).
37
Let q(c) = c**2 - 18*c - 32. Suppose 5*l - 3*o = 9*l - 91, -3*o = -15. Determine q(l).
-13
Let w = 6 - 3. Suppose 0 = 2*n - 5*s - 21, -w = s - 0*s. Let u(c) be the third derivative of c**4/12 - c**3/2 - 15*c**2. What is u(n)?
3
Let r(o) = -3 + 3*o + 2*o + 1. Let t be 4 + (-1 - -1) + -7. Let h be 1*(t + 4 - 3). Calculate r(h).
-12
Let m(z) be the second derivative of z**4/2 + z**2/2 + 8*z + 2. Calculate m(-1).
7
Let v(z) = -8*z**3 - 2*z**2 - 2*z - 1. Let p be 1*4/6*27/(-18). Calculate v(p).
7
Let n be (3/(-2))/(3/(-8)). Let t(c) = -c**2 + 6*c - 5. Let f be t(5). Let v(d) = -2*d + f*d - 5 - d**2 + d + 3*d. What is v(n)?
-13
Let m(f) be the second derivative of f**5/10 - 5*f**4/12 - f**3/2 + 3*f**2/2 + 5*f - 2. Give m(3).
3
Let b(o) be the first derivative of o**4/4 - 5*o**3/3 + 2*o**2 - 3*o - 1. Suppose -51 = -78*l + 43*l + 89. Calculate b(l).
-3
Let l(t) = -5*t + 27 + 250*t**2 + 2*t - 249*t**2 - 9*t. Determine l(9).
0
Let j(l) = -l**2 - 2*l + 1. Let p(o) = 3*o**2 - o - 4. Let b(g) = -2*j(g) - p(g). Let y = -4 + 9. Determine b(y).
2
Let d(r) be the third derivative of -r**7/840 - r**6/180 + r**5/40 + r**4/8 + 11*r**3/6 - 7*r**2. Let h(v) be the first derivative of d(v). What is h(-3)?
3
Let g(p) = p**2 - 13*p + 13. Let i(l) = 19 + 35*l + 35*l - 71*l. Let t be i(8). Determine g(t).
-9
Let q(i) be the second derivative of i**3/2 + 9*i**2 - 77*i. Determine q(-5).
3
Let a(h) be the second derivative of -h**5/20 + h**4/3 + 11*h**3/6 + 9*h**2 - 1058*h. Give a(6).
12
Let y be (-1)/3 - 12/(-9). Let o(b) = 1. Let f(n) = -11*n + 6. Let d(a) = f(a) - 5*o(a). Calculate d(y).
-10
Let r(k) = -28*k**2 - 2*k - 1. Let g(t) = -2*t**2 + 15*t + 26. Let w be g(9). Calculate r(w).
-27
Let i(t) = -t**3 + 6*t**2 - 4*t - 7. Let j be i(5). Let b = -9 - -12. Let o(h) = -15*h**2 - 2*h**b + 16*h**2 + 4*h**3 - h. Calculate o(j).
-10
Let h(t) = -9*t + 29. Let n(i) = -20*i + 60. Let j(r) = 7*h(r) - 3*n(r). Give j(9).
-4
Let i = 16 + -9. Let n(w) = -6*w - 1 - 3*w + 3*w + i*w. Give n(2).
1
Let n(d) = 2*d + 39. Let k be n(-20). Let c(v) = -33*v. Give c(k).
33
Suppose 0 = -3*x + 5*m + 46 + 15, -5*m = 3*x - 11. Let l(d) = d**2 - 11*d - 8. Determine l(x).
4
Let y be (2 - 3)/((-3)/(-9)). Let d = 2 + y. Let c(l) = 10*l**3 + 6*l**2 + 5*l - 6. Let p(g) = g**3 + g**2 + g - 1. Let j(x) = c(x) - 5*p(x). Give j(d).
-5
Let s(p) = 3*p + 4. Let v(m) = -11*m - 13*m + 39*m - 10*m + 5. Let l(x) = 3*s(x) - 2*v(x). Give l(5).
-3
Let z = 1 + 3. Let y(f) be the second derivative of f**7/2520 - f**6/144 - f**5/60 - f**4/2 - 2*f. Let x(b) be the third derivative of y(b). Determine x(z).
-6
Let j(d) = -d**3 + 2*d**2 + 2*d - 1. Let b = -637 - -637. Suppose 22 + 46 = 4*v. Suppose c = -3*u - b + v, -3*c = 3*u - 21. Determine j(c).
3
Let l be -8 - (-5 - -2)*2. Let k(f) = 10*f + 2. Give k(l).
-18
Let v(h) = -h**3 + 4*h**2 - 4*h + 3. Let r be v(2). Suppose -2*y + r*z = -13, 0*z - 1